lse
Suppose 4*h = -2*y - 8, 3*h - 5 = -3*y - 11. Suppose j - 130 = 3*a, -4*j - a + 507 = -y*j. Is j composite?
False
Let x = -886 + 1607. Let s = 366 + x. Is s composite?
False
Is 4/((-48)/(-3))*14108 a prime number?
True
Let m(l) = 6*l. Let f be m(-1). Let z be (f/4)/((-33)/44). Is (z/(-3))/((-18)/3915) a prime number?
False
Suppose -2*z + 4133 = 3*p, -3*z + 6924 - 2787 = 3*p. Let g = 2529 - p. Is g a prime number?
False
Suppose -h + 232 = -2*h. Let d(y) = 3*y - 3. Let p be d(-22). Let o = p - h. Is o a composite number?
False
Suppose -6*k + 2 = -34. Let h(o) = 58*o**2 - 7*o + 7. Is h(k) prime?
True
Suppose -r = b + 52, -9 - 6 = -5*r. Let u = 80 + b. Suppose x - u = 42. Is x a composite number?
False
Suppose -2*j - 2 = -3*d - 3*j, 3*j - 6 = 2*d. Suppose d = 2*l - 365 - 381. Is l a composite number?
False
Let h = -3016 + 2103. Let v = h - -1586. Is v prime?
True
Let q(n) = -n + 4. Let b be q(3). Is -1 + 368 + b + (-1)/1 a composite number?
False
Suppose 0 = -4*t + 7*t. Suppose 3*k - 4 = -k + 2*b, t = -3*b + 12. Suppose 2*h = -i + 835, 29 - 1280 = -k*h - 2*i. Is h prime?
True
Suppose -2*c + 0*z + 3*z = 38, 2*c + 4*z = -66. Let a = 25 + c. Suppose -5*l - 83 + 719 = 3*u, a = 4*u - l - 871. Is u prime?
False
Let l be 774/15 + (-4)/(-10). Suppose 4*v - 312 = l. Is v composite?
True
Is (-92697)/(-8) + 1/(-7 + -1) prime?
True
Let f(m) = -1169*m + 1035. Is f(-14) a prime number?
True
Suppose 3*h = -2*p - 85, 0 = -2*h - h - 15. Suppose 4*r + d = -56, r - 4*d + 4 = -10. Let t = r - p. Is t composite?
True
Let z be (-285)/(-12) + 1/4. Let d = z - 22. Suppose g = -4*k + 367, k + 2*g = -d*g + 103. Is k composite?
True
Let t(y) = 428*y + 14. Let u be t(-3). Is (u/50)/((-2)/10) prime?
True
Suppose 5*q + 6312 = 3*f, 2*f + 43*q - 4201 = 44*q. Is f a composite number?
False
Suppose -4*l + 66801 = 3*s + 16528, -s + 16760 = -l. Is s a composite number?
False
Suppose -7*x = -41954 - 10413. Is x composite?
False
Let s(u) = -1485*u + 3. Let y be s(-3). Suppose 2*p + 3*j = -p + y, 2*j = 5*p - 7395. Is p prime?
True
Let i = 70 + -66. Suppose -3*z - i*g = -8*z + 3699, z - 3*g = 742. Is z a prime number?
True
Let h = -7 + 10. Suppose -b + 2 = -q, q + 1 + 11 = h*b. Suppose 88 = 2*y + 2*t - 152, -q = t. Is y a composite number?
True
Let b = -74 + 69. Is (b + 2 - -4)/((-2)/(-226)) prime?
True
Let f(l) = 491*l - 2. Is f(5) a prime number?
False
Suppose n + m = 6*m + 29, 0 = -5*n - m + 15. Suppose 223 = 2*w + 3*g - 211, n = -g. Is w a composite number?
False
Let i(j) = 36*j**2 - 2*j - 3. Suppose -11 + 1 = 5*h. Let a be i(h). Suppose -9*y - a = -10*y. Is y prime?
False
Let g = -857 + 1459. Let k be (-42)/(-112) + (-2379)/8. Let b = k + g. Is b prime?
False
Let u(w) = 6*w**2 + 3*w + 5. Let m be u(-14). Suppose -a + 2808 = 5*y, -a - m = -2*y - 3961. Is a a composite number?
True
Is -8*(-1)/6 - (-261725)/75 prime?
True
Let w = 1498 - -1149. Is w composite?
False
Let i = -95 + 90. Is (-2 + 0)/10 + (-14186)/i a composite number?
False
Suppose 4*q + 148 = 2*f - 3*f, -f = 3*q + 143. Is f/(-22) + 4/22 a composite number?
True
Let g(u) = 2*u**2 + 8*u - 2. Let f be g(-7). Let a be (72/f)/((-3)/(-5)). Suppose -196 = a*v - 1534. Is v composite?
True
Let b = -7315 + 12386. Is b composite?
True
Is ((-3)/(-12))/(8/6112) composite?
False
Suppose 3*a = 3*k + 8955, 3564 = 2*a + k - 2412. Is a prime?
False
Suppose 0 = -5*p - 478 + 2083. Let i = -109 - -167. Let u = i + p. Is u a composite number?
False
Let z(w) = -w**3 + 7*w**2 + 3*w + 2. Let k be z(7). Suppose 0 = 4*h - k - 5. Suppose 0 = -9*u + h*u + 1166. Is u composite?
True
Suppose -3*x - 840 = -8*x. Suppose o - 172 = -5*c + x, 2*c - 5*o = 163. Is c composite?
True
Let p(d) = 497*d**3 - d**2 + d. Suppose -4*r - 3*w + 1 = -2*w, 2*r + w + 1 = 0. Suppose -3 = -5*l + u - r, 0 = -5*l + 5*u - 10. Is p(l) composite?
True
Let o = 88 + -86. Suppose j = 2*p - 2641, -p - 1325 = -o*p + 2*j. Is p a prime number?
True
Suppose 8*k - k = 213143. Is k a prime number?
True
Suppose 5*t + 4*s = 7*t - 145050, -5*t = s - 362669. Is t composite?
False
Suppose -4*b + 14 = b + 2*p, 2*b + 5*p = 14. Suppose 5*h - 1591 = -2*y, b*h = -5*y - 0*h + 4009. Suppose -5*z = -y - 92. Is z a composite number?
False
Suppose 10*u = 7*u - 15987. Let w = u - -7538. Is w composite?
True
Suppose -5*o = 2*j + 58, 2*o + 2*o = j - 36. Is 555/(-6)*12/o a prime number?
False
Let s(a) = -256*a**3 + 1. Let q be s(-1). Suppose 156 = t + 4*w - 101, 2*w + q = t. Is t a prime number?
True
Suppose -2*s + 0*s + 4 = a, 5*a - 4*s - 20 = 0. Suppose -f + 271 = -a*g, f - 3*g = -5*g + 295. Is f a prime number?
False
Suppose 24*u - 27*u = -26247. Is u a composite number?
True
Suppose 4*w - 4*c + 7*c = 211, -w + 61 = -2*c. Suppose -3 = -3*s, 0 = -3*k - 4*s + 290 - w. Is k a composite number?
True
Let v be (-4)/6*(1 + (4 - 2)). Is (-2 - -4)*(-79)/v a composite number?
False
Suppose -b + 399 = -2*b. Let v = -149 - b. Suppose -2*f - 2*q + 0*q + v = 0, 629 = 5*f + 3*q. Is f a prime number?
True
Let p be ((-3)/2)/((-12)/16). Let j(r) = -10*r**2 + 2*r**3 - p - 2 + 3 + 15*r - 5*r. Is j(7) composite?
True
Suppose f - 116330 = -f. Is f prime?
False
Let t be (-633)/(-2)*(-200)/(-30). Is (t/(-15))/((-4)/6) composite?
False
Let i be (-2)/6 + (-2715)/9. Let r be 154/4*(-4 + 6). Let k = r - i. Is k a prime number?
True
Let t(q) be the first derivative of -3*q**4/2 + q**3/3 - 3*q**2/2 - 2*q + 6. Let h be t(-2). Let i = h - -23. Is i a prime number?
True
Suppose 12 + 4 = 4*v. Suppose -593 = -v*h + 735. Let s = -73 + h. Is s a prime number?
False
Let p(f) = 14*f**3 + 7*f**2 - 9*f - 3. Is p(3) composite?
True
Let z = 5 - 14. Let w(k) = k**3 + 8*k**2 - 9*k + 9. Let h be w(z). Let x(d) = d**3 - 9*d**2 + 10*d - 13. Is x(h) a prime number?
False
Suppose 5*t = 861 + 1214. Suppose 8*y = 3*y + t. Is y prime?
True
Suppose 2*j - 580 = 6*j. Suppose 3*l + 1 + 239 = 0. Let c = l - j. Is c prime?
False
Suppose -4332 = -5*t + 2693. Suppose -l + t = -0*l. Is l prime?
False
Suppose 2*b - 2 = -22. Let a = b + 14. Suppose -q - 383 = -a*x, 3*x + q - 286 = 2*q. Is x a composite number?
False
Suppose -32*a = -24*a - 16. Is (-28560)/(-45) + 3/(a - -7) a composite number?
True
Let q be 1*2/(-2) + 6. Let w be (-3)/q*(-4 + -1). Let i(r) = 7*r**3 - 2*r**2 + 2*r + 2. Is i(w) prime?
True
Suppose -4*u + 4*a - 20 = 0, -3*u + 2*a - 7 = 3. Is u + 929/(-1 + 2) a composite number?
False
Let a(v) = v**2 - 14. Let b be a(7). Let l be -4*(1/2 - 0). Let q = l + b. Is q prime?
False
Suppose x + 5621 = 2*v, -3*x = 4*v - 7048 - 4219. Is v composite?
True
Suppose h = -q + 687 + 2574, -2*h - 16319 = -5*q. Let a = q - 1854. Is a prime?
True
Let r(l) = -l**3 - 10*l**2 + 10*l - 9. Let k be r(-11). Let u(w) = -6*w**3 - 5*w**2 + 5*w + 2. Let n be u(-5). Suppose 4*p = k*p + n. Is p a prime number?
False
Suppose 278*t - 779716 = 250*t. Is t a prime number?
True
Let c(d) = 56*d - 2. Let n be c(2). Suppose -2*q = -a + 5*a - n, 2*a - 73 = 5*q. Suppose -a + 242 = 3*j. Is j composite?
False
Let f = 52370 - 27661. Is f a composite number?
False
Suppose 0 = 2*b + 2*j + 12368, -3 = -3*j - 0. Is (-20)/80 - b/4 prime?
False
Suppose 0 = -v - 0*s + 5*s + 7993, 0 = 5*v - 4*s - 39965. Is v a composite number?
False
Suppose -g - 2*m - 2 = 2*m, 2*m + 2 = 0. Let v be g/4*100/10. Suppose 0 = 3*a - 3, a + 637 = v*w + 3*a. Is w prime?
True
Suppose 100*d = 106*d - 17058. Is d composite?
False
Let q = 49 - 94. Let w be 1/2 - q/(-6). Is (-4 + -18)*w/2 prime?
False
Let q(v) = 6 - 1 - 12*v - 12 + 5. Let i be (23 + -8)*1/(-3). Is q(i) prime?
False
Let b be (-6)/18 - (-40)/18*-3. Is -1*(3 - -1) + (2114 - b) a composite number?
True
Suppose 4*v - 2869 = -s, -42*v - 4*s - 1448 = -44*v. Is v composite?
True
Suppose -5*y + 5465 = -8*z + 3*z, 3*z - 2191 = -2*y. Is y prime?
False
Let l(w) be the second derivative of w**5/20 + 4*w**4/3 - 19*w**3/6 + 9*w**2/2 - 5*w. Is l(-17) prime?
True
Suppose 0 = -2*z - 2*z - 44. Is ((-2)/4)/(z/30778) a composite number?
False
Let h(z) = z + 14. Let n be h(0). Let c(g) = -30*g + 6. Let a(i) = 6*i - 1. Let b(w) = 11*a(w) + 2*c(w). Is b(n) a composite number?
True
Let z(s) = -s + 357*s**2 - 356*s**2 + 2*s**3 - 1 - s. Suppose 0*y + 4 = -o + 2*y, -5*o + 4 = -2*y. Is z(o) prime?
False
Let i(a) = -2*a**3 - 29*a**2 - 11*a + 41. Is i(-19) prime?
True
Let g = -43 - -40. L